?
True
Is 110503 - 3*(-5)/45*18 composite?
True
Let t(x) = x**3 + 18*x**2 + 17*x + 4. Let k(f) = f**2 - 7*f - 17. Let a be k(7). Let l be t(a). Suppose -i = -l*w + 1021, 5*w = i - 288 + 1563. Is w prime?
False
Suppose 10*o - 15 = -5*o. Is (-2 - o)/(6/(-758)) prime?
True
Suppose -5*z = 2*q + 5, -q + 4*z - 2*z = -2. Let c(y) = y**2 - y - 17. Let i be c(q). Let m = i + 228. Is m a composite number?
False
Is (-110)/(-6 + 17) + 102977 composite?
False
Suppose -22*x + 21*x + 4*c + 2631 = 0, -5*x - 5*c + 13130 = 0. Is x a composite number?
True
Let k(u) be the third derivative of u**5/60 + 19*u**4/24 + u**3/2 + 12*u**2. Let d be k(-19). Suppose -d*j = 9, -2*h - j + 443 = -0*j. Is h composite?
False
Let b(h) = -95*h**3 - 1. Let q be ((-2)/(-4))/((-1)/2). Let p be b(q). Suppose 2*l + v + p = 3*l, 3*l = -3*v + 288. Is l a composite number?
True
Suppose -2*w = -16 + 18. Is -2 - w*(83 + 4) prime?
False
Let i = 772 - 491. Suppose -3*t = -5*u - 189, 0*u + 3*u - i = -5*t. Is t a prime number?
False
Let r be 2/(-6) - 6/9. Let v be (r/3)/((-6)/90). Suppose -1838 = v*w - 7*w. Is w a composite number?
False
Suppose -3*u - 2 + 14 = 0. Suppose -2*d + 0*d + 1594 = -u*p, -2*d + p + 1579 = 0. Is d prime?
True
Let l = -116 + 3075. Is l composite?
True
Let s be (-18 + 2)/4 - -4. Suppose -3*a - 3*p - 6 = 0, p + s = -4*a - 2. Suppose -f = -a*f - 1259. Is f composite?
False
Suppose -7*h - 508 = -4295. Is h prime?
True
Let k(a) be the first derivative of 8*a**3 + 11*a**2/2 + 27*a + 16. Is k(-7) a composite number?
True
Let m = 14 - 10. Suppose -k + f + 3 = 0, 2*k - 7 = m*f - 3*f. Suppose -3*j + b = -2*j - 4, k*b - 12 = 0. Is j composite?
False
Let p be (-63)/(-12) + 3/(-12). Suppose -p = -q - 1. Suppose -q*t + 1 = 5*i + 10, -3*t + 37 = -5*i. Is t a composite number?
True
Let z(w) be the second derivative of 0 - 4*w**2 + 1/2*w**3 - 3*w. Is z(5) composite?
False
Suppose -2*r - r + 27 = 2*s, 5*r = 4*s + 1. Suppose -4*t + s = 18, -3*t - 581 = -4*a. Is a composite?
True
Suppose -5*d + 4*y + 20664 = -32123, -4*d - 4*y + 42244 = 0. Is d a prime number?
True
Suppose -c + 7753 = -7*f, -c = 5*f - 10218 + 2465. Is c prime?
True
Let t(o) = 6*o**2 - 6*o + 6. Let a be t(6). Suppose 0 = 2*m + 2*m + 2*j - 1104, 3*m - 2*j - 821 = 0. Let d = m - a. Is d prime?
True
Let r(z) = -6*z. Let l be r(0). Suppose l = -3*m + 2*x + 4699, 0*m = -2*m - 2*x + 3116. Is m prime?
False
Let c(j) = j**2 - 15*j + 1. Let q be c(15). Let t(i) = 374*i**2 - 2*i + 1. Is t(q) composite?
False
Let r = 448 + -755. Let q = -158 - r. Is q composite?
False
Suppose -2*p - p - m + 4420 = 0, -p - 4*m + 1477 = 0. Let v = p + -632. Is v a prime number?
False
Suppose -2*f = -290 - 704. Suppose 4*m - 1669 = -f. Is m a prime number?
True
Let u = -1500 + 2168. Let a = u - -299. Is a composite?
False
Let c = -36 + 41. Suppose s = 1, 0*p - c*s - 365 = -5*p. Is p prime?
False
Suppose -5*h + b - 77 = -2*h, 49 = -h + 5*b. Is (5652/h)/(1 + 0)*-2 a prime number?
False
Suppose -4*i - 5 = -y - 27, 2*i + 4*y - 20 = 0. Let o be i/(-18)*(-7 + 1). Suppose 1477 = 5*n + o*n. Is n prime?
True
Suppose -5*d = 4*v - 13, -v - 2*v + 7 = d. Is (-18)/6 + (38 + 2)/d composite?
False
Let h(k) = -k**3 - 8*k**2 - 6*k - 3. Let a be ((-1 - -4) + -4)*7. Let i be h(a). Let o = i - -97. Is o a composite number?
True
Let n(w) = -w**3 - 14*w**2 - 9*w - 7. Let d be (-6)/10 + (-1617)/105. Is n(d) a prime number?
False
Let c be (16/24)/((-2)/(-228)). Let p be (-8)/20*-5*c. Let b = 409 - p. Is b composite?
False
Suppose 3*r + 2*r - 39 = 4*n, -5*n - 58 = 3*r. Let k = n + 32. Let y = -8 + k. Is y a prime number?
True
Suppose -4*b + 9*i - 32 = 4*i, 3*i = -2*b + 6. Let t be b*(21/(-9) - -2). Let h(n) = 468*n**2 - 2*n + 1. Is h(t) prime?
True
Suppose 4*u + 63766 = 247218. Is u a composite number?
False
Suppose 7260 - 67396 = -4*b. Is b a prime number?
False
Let i = 11 + -21. Let y be -2 - i*116/8. Let g = y - 76. Is g a composite number?
False
Suppose 0 = 28*j - j - 712017. Is j a prime number?
True
Let u(w) = w**3 - 5*w**2 - 8*w + 5. Let b = 2 - 2. Suppose b = 4*m - 14 - 22. Is u(m) a composite number?
False
Suppose -5*v = -10*v - 15. Let m be (-2)/18*v*-3. Is 152 + (-3)/(-1)*m a composite number?
False
Let r be (-318 - 0/1)*(-840)/(-63). Is (-1 - r/(-4))/(-1) composite?
False
Suppose 9*u - 2*u - 2121 = 0. Let o = -176 + u. Is o a prime number?
True
Is 1/(956/(-958) - -1) composite?
False
Suppose g - 10 = -4. Let o(b) = 2*b**3 - 11*b**2 - 7*b + 6. Let q be o(g). Suppose -4*j - 23 + 159 = q. Is j a composite number?
True
Let n = 7 + -2. Let r be 0/(-2 + n + -2). Let t(c) = -c**2 + 127. Is t(r) prime?
True
Suppose 0*p + 2 = 2*p. Suppose -2*m = 3 - p. Is (m + 2)/(9/2313) a prime number?
True
Let y(p) = 30*p**2 + 10*p + 2. Let b be y(7). Suppose -6*k + 3*k = -b. Is 4*1/(8/k) a composite number?
False
Suppose -14578 = -9*n + 41159. Is n a composite number?
True
Suppose -1713 = -3*n - 264. Suppose -6*v - n = -9*v. Is v prime?
False
Let w(d) = -2 + 122*d**2 + 3 + 794*d**2 + 296*d**2. Is w(1) a composite number?
False
Let g be (-32904)/(-9) - (2 - -2). Is g/10 + 1/(-5) a prime number?
False
Let w(j) be the first derivative of -j**4/4 - 4*j**3 - 4*j + 12. Let g be w(-7). Is (2*g/(-6))/1 a prime number?
True
Let c(b) = -701*b. Let q be c(-1). Suppose 3*o - h + q = 101, 4*h = 12. Let f = -130 - o. Is f a composite number?
True
Let g = 33 + -30. Let q be 32/24 - (-2)/g. Is (q/2)/((-6)/(-7530)) a prime number?
False
Let d(i) = 212*i**2 - 3*i + 1. Let f(u) = 637*u**2 - 9*u + 3. Let o(y) = 7*d(y) - 2*f(y). Is o(2) a composite number?
True
Let t(m) = -6*m**3 - 5*m**2 - 18*m - 8. Is t(-7) a prime number?
True
Let f(z) = z**3 + 6*z**2 - 8*z - 3. Let r be f(-7). Suppose 0 = r*b - 178 + 30. Is b a prime number?
True
Is (-18)/(-48) + 11482/16 + 0 a prime number?
False
Let c = 7132 + -3705. Is c a composite number?
True
Let c(s) = 442*s**2 - 108*s - 97. Is c(-17) prime?
False
Let k = 412 - 410. Let v(l) = -2*l - 8. Let g be v(-6). Suppose 3*i + k*u - 6*u - 165 = 0, -5*i + g*u = -275. Is i a prime number?
False
Let i(c) = 7 - 73*c - 2 + 8. Is i(-6) a composite number?
True
Suppose 3*o + 4*k - 18033 = 0, -o + 918 + 5093 = 2*k. Is o composite?
False
Let k(r) = r**3 + 13*r**2 + 12*r + 4. Suppose 0 = -3*g + 6*g + 36. Let t be k(g). Let x(l) = 3*l**2 - l + 3. Is x(t) prime?
True
Let w be -1*(-6)/((-3)/(-1)). Suppose -3*n = -3*p - 8811, -5868 = -w*n + p + 4*p. Is n a prime number?
True
Suppose -476502 = -22*j - 188632. Is j a composite number?
True
Let j = -38 - -40. Suppose -4*o + 744 = -4*c + j*c, -2*o = -2*c - 374. Is o composite?
True
Let d = -1181 - -1659. Suppose 2*w - 402 = -2*z, -5*z + d = 3*w - 127. Is 3/(-1) - w/(-8) composite?
True
Let d(q) be the third derivative of 53*q**4/8 + q**3/3 + 15*q**2. Is d(3) a prime number?
True
Suppose 4*g = -6*w + 394774, -5*g + 26071 = 5*w - 467409. Is g a composite number?
True
Let w(n) = 6*n + 8*n + 6 - 101*n + 19. Is w(-14) a prime number?
False
Is (-5 - 12/(-6)) + 6010 a prime number?
True
Is (-25 - 56973)*1/(-2) a prime number?
True
Let i = -20504 + 36943. Is i a prime number?
False
Let i = 27 + -25. Suppose i*c - 4*c = -86. Is c a composite number?
False
Let o be -1 - (1 + 0)*66. Let x = 5 - o. Suppose -127 - x = -n. Is n a composite number?
False
Suppose -2*g = 5*z - 10*z - 17821, -4*g = -4*z - 35624. Is g composite?
True
Let g = 18 - 72. Let u = g + 123. Is u a prime number?
False
Suppose 0 = 5*t + 15, -4*t = -0*k - 5*k + 92. Let v = 18 - k. Suppose -2*p = -3*p + 4*w + 247, v*w + 1253 = 5*p. Is p composite?
False
Let u(i) = -20*i**3 - 7*i**2 + 4*i + 12. Let s be u(-6). Suppose -2*d + 2010 = -2*k, 0 = 4*d + 10*k - 5*k - s. Is d prime?
True
Let k(c) be the first derivative of -3*c**4/4 - 2*c**3 - 7*c**2/2 - 3*c - 24. Let z be 4/(-10) - (-92)/(-20). Is k(z) a composite number?
False
Is ((-110)/(-20) + -7)/((-1)/16622) prime?
False
Suppose -2*b + 4*z + 38 = 0, 2*b + 0*z = -3*z + 24. Suppose -31010 = -25*y + b*y. Is y composite?
True
Suppose 10*n - 19152 = n. Suppose 7*o - 245 = n. Is o composite?
True
Suppose 4*y - 70 = -0*y - 2*m, 0 = y - 4*m - 13. Let c = y - 15. Suppose c*d = -5*u + 103, u = 5*d - 218 - 80. Is d composite?
False
Let u be (24/(-30))/((-16467)/(-5490) + -3). Is (-5)/(-5 + u/293) a composite number?
True
Let d(g) = g**2 + 2*g - 2.